?
-5
1 - (8 + -3 + 4 + -5)
-3
6 - (-1 + -6 + 17)
-4
Evaluate -1 + -1 - (-5 + 1 + 5).
-3
-1 + 4 - 5 - (-3 - -5)
-4
2 - (9 + -3 + -5)
1
What is the value of (0 - 1) + 0 + 2?
1
Calculate 3 + -15 + (-3 + 2 - -4).
-9
1 + (1 - 6 - -4 - -2)
2
Calculate 4 + (1 - (0 + -2 + 2)).
5
What is the value of (5 - (-1 - -7)) + 7 + -1?
5
Calculate 3 + 2 + -10 - -3.
-2
Calculate (-4 + 8 - 0) + 0.
4
What is the value of 14 + -8 + -8 - (-2 - -3)?
-3
Calculate (-2 - 3) + 1 + 2.
-2
-7 + 6 + (0 - 2) + 0
-3
Calculate (1 - -4) + (-1 - (0 + 2)).
2
What is (0 - 0 - 2 - -2) + 4?
4
What is (-4 - -7 - 3) + (8 - 3)?
5
What is the value of 7 + -11 + (3 - -6)?
5
What is the value of -3 - (0 + 1) - (12 + -16)?
0
0 + (1 - 1) - (136 - 134)
-2
Evaluate 6 + 1 + (-9 - 5).
-7
Evaluate (-6 - -8 - (-1 - 1)) + 1.
5
What is -3 + -1 + 10 + (-1 - -2)?
7
What is -4 + 2 - (-3 - -4) - -8?
5
What is the value of 1 + -3 + -13 + 7 + 4?
-4
Evaluate -15 - -9 - (-1 + 0).
-5
Evaluate 0 - (0 + -1) - -3.
4
Calculate -7 - (-12 + (6 - -1)).
-2
-1 + (5 - (1 - -2))
1
Evaluate 3 - (-2 - (0 - 8)).
-3
Evaluate -3 + 0 + 5 + 4 + -3.
3
What is -1 - 2 - (83 + -84)?
-2
Calculate -2 + 2 + 6 + -8.
-2
3 + -8 + (-1 - (-5 - -1))
-2
Calculate (-3 + 1 - -2) + -3 - -7.
4
Evaluate 0 - 3 - (-8 + 5).
0
What is (-3 - (0 - (3 - 0))) + 2?
2
Evaluate 4 + (-2 + 3 - (-3 + 10)).
-2
3 - 2 - (-5 - -4)
2
Calculate -5 + (0 - 0) + 57 + -52.
0
What is the value of 6 + -7 - (6 + 1)?
-8
What is the value of -3 + -2 + 4 + 0?
-1
Calculate 2 - (9 - (4 + 8) - -11).
-6
What is 0 - (2 + -5) - (4 + 6)?
-7
What is -3 + -3 - 0 - -4?
-2
(5 - 0) + -1 + 1
5
Calculate (7 - 4 - (4 - 0)) + -3.
-4
What is the value of 3 + -2 + (0 - -1)?
2
Evaluate 3 + (1 - 0) + -3 - 2.
-1
Evaluate -12 - -14 - (2 - (-1 - 2)).
-3
What is the value of 1 + 0 - (-2 + 11 - 5)?
-3
Calculate (5 - (-16 + 15)) + (-4 - 0).
2
What is the value of (9 + (-5 - 0) - -1) + -1?
4
What is the value of 3 - 2 - (-18 + 19)?
0
Evaluate (-3 - (-2 - 8)) + -10.
-3
Calculate 1 + 4 + -3 + -3 + 0.
-1
Evaluate -1 - 0 - (-1 - -6 - 9).
3
What is the value of (6 - (2 + -1)) + (19 - 20)?
4
Calculate 1 + 0 + 2 - (-16 - -19).
0
What is the value of 0 + (-1 - 1) + 4 + 2?
4
Evaluate -2 - 4 - -9 - 7.
-4
Calculate (5 - (-1 + 2)) + -2.
2
What is the value of -5 - -3 - (6 + -5) - -3?
0
Evaluate 0 - (-4 - -4 - 2).
2
Calculate (10 - (6 - -1)) + -7.
-4
Calculate 1 + -2 + -1 + -2 - -2.
-2
-2 + 2 + -6 + 4
-2
Calculate 8 - (-7 + 5 - -8).
2
Evaluate 0 - (-2 + -1 + -2) - 9.
-4
7 + 1 + (-11 - -8)
5
What is the value of (-6 - 4) + (-4 - -8) + -1?
-7
Evaluate (-4 - -1) + (13 - 12) - -1.
-1
Evaluate 1 + 1 + -7 + 2 + -2.
-5
Calculate -65 - -57 - (-9 + -1).
2
Calculate 1 - 1 - 0 - 3.
-3
Evaluate 7 - (0 + 9 + -4).
2
What is the value of (0 - (0 + 4)) + 12 + -3?
5
(3 - 1) + (0 - (5 + 3))
-6
3 + -2 + 3 - 1
3
2 - (10 + -2 - 8)
2
-7 + 3 + (-2 + 2 - -1)
-3
What is 3 + (-4 - -3) - (-1 - 0)?
3
What is the value of -3 - ((8 - 13) + -3)?
5
What is the value of (2 - (1 - 1)) + -3 - -3?
2
-11 + 6 + 1 + 0
-4
What is the value of 6 + (2 - (8 + 0))?
0
Evaluate 0 + -1 + (7 - 11).
-5
Evaluate (-7 - -7 - 7) + 12.
5
What is -132 + 137 - (10 - 0)?
-5
4 + 9 + -5 - 13 - -3
-2
What is 9 + 5 + 7 + -41 - -9?
-11
Calculate (-11 - -16 - -6) + (-4 - 0).
7
What is the value of (23 - 30) + -4 + 11?
0
What is the value of (3 - 1) + -3 + -5 + 6?
0
Calculate -3 - -1 - (3 - 1).
-4
10 + -10 - (4 - (2 - -6))
4
What is 5 - (12 + 4 + -5)?
-6
What is 4 + 2 + -3 + -4?
-1
What is the value of 20 - 25 - (0 - -1)?
-6
Evaluate 0 - 0 - ((-5 - -10) + -1).
-4
Calculate 21 + -17 + (-6 + 3 - 3).
-2
Calculate (-19 - -53) + -28 + 0 + -6.
0
1 - (-6 + 12 + -5)
0
What is (1 + 2 - (0 + 3)) + -2?
-2
Calculate 1 + -1 + (9 - (3 + 8)).
-2
-1 + (2 - 0 - 3) + -2
-4
What is the value of 3 + -1 + (-20 - -23)?
5
What is 0 + (1 + -1 - 2)?
-2
Calculate (3 - -1) + 0 - 8.
-4
What is -5 + 10 + -3 - (2 - 8)?
8
(-25 - -27) + (-6 - -2)
-2
Calculate 11 - (-1 + (0 + 0 - -7)).
5
What is the value of -3 - (1 + 6 + -4)?
-6
Evaluate 2 - (2 - (-5 + 3 + -1)).
-3
Calculate 8 + (-2 + (2 - 8) - -4).
4
What is the value of 0 + -1 + (-8 + 8 - 4)?
-5
Evaluate -1 + 0 + 2 - (-28 + 34).
-5
What is 13 - -2 - (-4 + (13 - 1))?
7
Evaluate (1 - 1 - -1) + -72 + 75.
4
Calculate -2 + 3 + -3 + 3 + -1.
0
Calculate 5 + -1 + 0 - -3.
7
What is 5 + (-13 - -12 - 4)?
0
-4 - (-2 - 0 - -2)
-4
Calculate -1 + 1 + (-16 + 11 - 0).
-5
Calculate -4 + -2 + 1 + 4 + -2.
-3
What is the value of -1 + 3 + (-6 - 0 - -6)?
2
Evaluate -2 + (7 + -4 - -4).
5
What is (5 - 24) + 0 + 12?
-7
Evaluate 2 + (-3 + 1 - 0) - 1.
-1
What is 3 - (4 + -3 + 2 + -2)?
2
What is the value of (15 - (-8 + 8)) + -9?
6
Evaluate 1 + 5 + -6 - 0.
0
Evaluate (1 - (-11 + 11)) + 2 + 1.
4
What is the value of (1 - 14) + (-270 - -279)?
-4
Calculate (3 - (-1 + 5)) + 9 + -14.
-6
Calculate (-8 - 11) + (-5 - -16).
-8
What is the value of (3 - 4) + -2 - (-6 + 0)?
3
Calculate 8 + (13 + -8 - 5) + 2.
10
Evaluate (-5 - (-7 + -1)) + 3 + -1.
5
6 + (7 - 5) + -7
1
(4 - (-1 - 0)) + (-158 - -159)
6
What is the value of -5 + -2 + 0 + (-1 - -3)?
-5
Calculate -12 - -11 - (1 + -2) - 2.
-2
(-6 + 8 - 4) + 5
3
Calculate 23 - 16 - (-1 + -1).
9
What is the value of 14 - ((1 - 0) + -9 + 14)?
8
2 + -1 + (-18 - -8) + 5
-4
Evaluate 3 - 10 - (-7 - -8 - 3).
-5
(2 + 3 - 4) + 5
6
-8 - (-7 + (-9 - -3))
5
What is the value of -3 - ((3 - -1) + 2 + -5)?
-4
What is (10 - 6) + -3 + -9 + 4?
-4
What is -14 + (10 - 3) - -2?
-5
Calculate -4 + 1 + -10 + 14 + 2.
3
Calculate -6 + -10 + 1 + -4 - -8.
-11
Calculate 8 + -7 - (0 - -2).
-1
Evaluate 8 + (-4 - (-1 + 0 - -1)).
4
Calculate 128 + -132 + (-4 - -1 - -1).
-6
What is -13 - (-8 + (-3 - -2))?
-4
What is the value of -4 - 1 - (1 - 5)?
-1
What is the value of (1 - 4) + 3 + 3?
3
4 + -3 + -6 + 14
9
What is the value of (-23 - -23) + 1 + 2?
3
What is 8 - (4 - (4 - 2))?
6
What is (-7 - (1 + -3) - 1) + 2?
-4
Evaluate 4 + -1 - -1 - 8.
-4
Evaluate (-12 - -24) + (-15 - -1).
-2
What is 12 + 5 + -3 + -5 + -1?
8
What is the value of (6 - 8) + (-1 - 2)?
-5
What is 4 + -6 + 4 + -5?
-3
Evaluate ((-1 - 2) + 0 - -1) + -2.
-4
What is 121 + -110 + (-1 - (1 + 4))?
5
What is 6 + 8 + 0 + -4 + -9?
1
What is the value of -22 + 22 + (-6 - -1)?
-5
What is -11 + 1 + 5 - 4?
-9
(11 + -7 - -2) + -6
0
Calculate (-6 - -2) + 1 - (-1 + 2).
-4
9 + -5 + -5 - -5
4
What is the value of -3 + (8 - 1) + -6 + 4?
2
4 + (2 - (-3 - -3))
6
What is the value of 3 + (-9 - -7 - -5)?
6
Evaluate (8 + 5 - 25) + 4.
-8
-6 + 2 - (-2 - -2)
-4
What is the value of -1 + -3 - (34 - 43)?
5
4 - (9 + (-4 - 3))
2
Evaluate 1 - (-10 + 7 - -11).
-7
Calculate -4 - (-1 - (6 + -2)).
1
2 + -1 + 1 - -3
5
9 - 5 - (-1 - -9 - 1)
-3
-15 + 16 - -4 - (1 - 2)
6
What is the value of -17 + 5 + 6 + 2?
-4
What is the value of 7 + -2 + -19 + 6?
-8
What is -5 + -6 + 13 + -5?
-3
What is -13 + (-5 + 0 - (-7 + -2))?
-9
Evaluate -3 + 9 - 4 - 8.
-6
What is -4 + 7 + -3 + 7?
7
What is (-7 - (3 - 13)) + -5 + 2?
0
Calculate -2 - ((-15 - -16) + (-1 - -3)).
-5
3 + (-9 - -2) - -7
3
-7 - -18 - 8 - -5
8
Evaluate (-37 - -28) + (11 - 1).
1
4 - (1 - (-3 + 1) - 3)
4
What is the value of 0 + (-3 - 5 - -3)?
-5
-1 + (5 - -2) + (0 - 1)
5
What is -3 - (5 - 10 - 2)?
4
Calculate 0 - ((7 - 8) + -4).
5
What is (3 - (-1 + 3)) + 1?
2
(-1 + -3 - 1) + 1 - 1
-5
Evaluate 0 + 6 - (27 + -18).
-3
What is 2 + 10 + -6 + -1 + 1?
6
What is (-5 + 7 - -1) + -4?
-1
(-7 - (-3 - 1)) + -2
-5
Calculate 3 - (1 - (2 + -1) - -1).
2
Evaluate -26 + 30 - (4 - 3 - -5).
-2
(0 - 1) + (3 - (7 + -2))
-3
Evaluate 0 + (-7 + 7 - -4).
4
What is (-1 - 0) + (10 - 10)?
-1
Evaluate 13 - (25 - (13 + 1)).
2
-4 + (-1 - 0) + 1
-4
-4 + (-1 - 2) + -2
-9
What is the value of (7 - (16 - (5 - 4))) + 2?
-6
Calculate -2 + 1 + -2 - -1.
-2
What is 3 - (-1 + 1 + -1 + -4)?
8
Calculate 9 - (-2 + -1 + 2 + 3).
7
Calculate (86 - 83) + (1 - 10 - -1).
-5
-245 + 249 - (0 - (-2 - -3))
5
Calculate (12 - 6 - -1) + -10.
-3
Calculate 6 + 6 - 1 - 6.
5
What is 5 + -4 + (-2 - 1)?
-2
-7 - (5 + -18 - -3)
3
What is the value of -2 + (0 + 4 - 2) - 2?
-2
3 + (-12 - -4) - -2
-3
Evaluate (10 - 8) + 3 + -1.
4
Calculate 3 + (-10 - (-1 + -6 - 0)).
0
Calculate (6 - 7) + (1 - 0 - 1).
-1
What is the value of -7 + 2 - (-4 - (2 + -5))?
-4
Calculate -6 + (6 - 1 - (-4 + 0)).
3
Evaluate 2 - (-2 - -2 - -5).
-3
Evaluate (1 - (0 - -2)) + 5 + -8.
-4
What is 2 + (2 - 